{"id":686,"date":"2023-10-13T12:44:30","date_gmt":"2023-10-13T10:44:30","guid":{"rendered":"https:\/\/virgnweb.com\/?page_id=686"},"modified":"2025-03-31T17:38:33","modified_gmt":"2025-03-31T15:38:33","slug":"mentions-legales-virgnweb","status":"publish","type":"page","link":"https:\/\/virgnweb.com\/index.php\/mentions-legales-virgnweb\/","title":{"rendered":"Mentions l\u00e9gales"},"content":{"rendered":"\t\t<div data-elementor-type=\"wp-page\" data-elementor-id=\"686\" class=\"elementor elementor-686\">\n\t\t\t\t<div class=\"elementor-element elementor-element-819e33d e-flex e-con-boxed e-con e-parent\" data-id=\"819e33d\" data-element_type=\"container\" data-e-type=\"container\">\n\t\t\t\t\t<div class=\"e-con-inner\">\n\t\t\t\t<div class=\"elementor-element elementor-element-f4f4688 elementor-widget elementor-widget-heading\" data-id=\"f4f4688\" data-element_type=\"widget\" data-e-type=\"widget\" data-widget_type=\"heading.default\">\n\t\t\t\t<div class=\"elementor-widget-container\">\n\t\t\t\t\t<h2 class=\"elementor-heading-title elementor-size-large\">Mentions l\u00e9gales<\/h2>\t\t\t\t<\/div>\n\t\t\t\t<\/div>\n\t\t\t\t\t<\/div>\n\t\t\t\t<\/div>\n\t\t<div class=\"elementor-element elementor-element-f4abd70 e-flex e-con-boxed e-con e-parent\" data-id=\"f4abd70\" data-element_type=\"container\" data-e-type=\"container\">\n\t\t\t\t\t<div class=\"e-con-inner\">\n\t\t\t\t<div class=\"elementor-element elementor-element-4bde5f5 elementor-widget elementor-widget-heading\" data-id=\"4bde5f5\" data-element_type=\"widget\" data-e-type=\"widget\" data-widget_type=\"heading.default\">\n\t\t\t\t<div class=\"elementor-widget-container\">\n\t\t\t\t\t<h4 class=\"elementor-heading-title elementor-size-default\">INFORMATIONS <\/h4>\t\t\t\t<\/div>\n\t\t\t\t<\/div>\n\t\t\t\t\t<\/div>\n\t\t\t\t<\/div>\n\t\t<div class=\"elementor-element elementor-element-f437c15 e-flex e-con-boxed e-con e-parent\" data-id=\"f437c15\" data-element_type=\"container\" data-e-type=\"container\">\n\t\t\t\t\t<div class=\"e-con-inner\">\n\t\t\t\t<div class=\"elementor-element elementor-element-ebd7d56 elementor-widget elementor-widget-text-editor\" data-id=\"ebd7d56\" data-element_type=\"widget\" data-e-type=\"widget\" data-widget_type=\"text-editor.default\">\n\t\t\t\t<div class=\"elementor-widget-container\">\n\t\t\t\t\t\t\t\t\t<p>Le site www.virgnweb.com a pour objet de fournir une information concernant l\u2019activit\u00e9 et les prestations de service de Virginie Gard\u00e8res.<br \/>Les informations indiqu\u00e9es sur le site sont donn\u00e9es \u00e0 titre indicatif, et sont susceptibles d\u2019\u00e9voluer. Par ailleurs, les renseignements figurant sur le site sont donn\u00e9s sous r\u00e9serve de modifications ayant \u00e9t\u00e9 apport\u00e9es depuis leur mise en ligne.<\/p><p>En vertu de l\u2019article 6 de la loi n\u00b0 2004-575 du 21 juin 2004 pour la confiance dans l\u2019\u00e9conomie num\u00e9rique, il est pr\u00e9cis\u00e9 aux utilisateurs du site www.virgnweb.com l\u2019identit\u00e9 des diff\u00e9rents intervenants dans le cadre de sa r\u00e9alisation et de son suivi :<\/p><ul><li>D\u00e9nomination commerciale : Virgn&rsquo;web<\/li><li>Activit\u00e9 : Assistante digitale et technique freelance<\/li><li>Num\u00e9ro Siret : 97933566800013<\/li><li>Responsable de publication et r\u00e9alisation du site : Virginie Gard\u00e8res<\/li><li>Si\u00e8ge social : 12 chemin Robert, 11150 VILLESISCLE<\/li><li>E-mail : contact@virgnweb.com<\/li><li>H\u00e9bergeur du site :\u00a0\u00a0<\/li><li style=\"list-style-type: none;\"><ul><li>HOSTINGER operations, UAB<\/li><li>Rue \u0160vitrigailos 34, 03230 Vilnius, Lituanie<\/li><li>T\u00e9l\u00e9phone : +37064503378<\/li><li>Email : domains@hostinger.com<\/li><\/ul><\/li><\/ul>\t\t\t\t\t\t\t\t<\/div>\n\t\t\t\t<\/div>\n\t\t\t\t\t<\/div>\n\t\t\t\t<\/div>\n\t\t<div class=\"elementor-element elementor-element-b5e3e7e e-flex e-con-boxed e-con e-parent\" data-id=\"b5e3e7e\" data-element_type=\"container\" data-e-type=\"container\">\n\t\t\t\t\t<div class=\"e-con-inner\">\n\t\t\t\t<div class=\"elementor-element elementor-element-cc1ae52 elementor-widget elementor-widget-text-editor\" data-id=\"cc1ae52\" data-element_type=\"widget\" data-e-type=\"widget\" data-widget_type=\"text-editor.default\">\n\t\t\t\t<div class=\"elementor-widget-container\">\n\t\t\t\t\t\t\t\t\t<h4>UTILISATION DU SITE<\/h4><p>L&rsquo;objectif du site www.virgnweb.com est de fournir des informations sur les activit\u00e9s de Virginie Gard\u00e8res<\/p><p>Le propri\u00e9taire du site s&rsquo;engage \u00e0 pr\u00e9senter des informations aussi pr\u00e9cises que possible sur www.virgnweb.com. Cependant, il ne peut \u00eatre tenu responsable des omissions, des inexactitudes et des lacunes dans la mise \u00e0 jour, que celles-ci soient imputables \u00e0 ses propres actions ou \u00e0 celles de partenaires tiers fournissant ces informations.<\/p><p>Toutes les informations disponibles sur le site www.virgnweb.com sont fournies \u00e0 titre indicatif, ne sont pas exhaustives et peuvent \u00eatre sujettes \u00e0 des \u00e9volutions. Elles sont donn\u00e9es sous r\u00e9serve de modifications intervenues depuis leur mise en ligne.<\/p>\t\t\t\t\t\t\t\t<\/div>\n\t\t\t\t<\/div>\n\t\t\t\t\t<\/div>\n\t\t\t\t<\/div>\n\t\t<div class=\"elementor-element elementor-element-2b1c4aa e-flex e-con-boxed e-con e-parent\" data-id=\"2b1c4aa\" data-element_type=\"container\" data-e-type=\"container\">\n\t\t\t\t\t<div class=\"e-con-inner\">\n\t\t\t\t<div class=\"elementor-element elementor-element-5054db6 elementor-widget elementor-widget-text-editor\" data-id=\"5054db6\" data-element_type=\"widget\" data-e-type=\"widget\" data-widget_type=\"text-editor.default\">\n\t\t\t\t<div class=\"elementor-widget-container\">\n\t\t\t\t\t\t\t\t\t<h4>PROTECTION DES DONN\u00c9ES PERSONNELLES<\/h4><p>Les donn\u00e9es recueillies sur le site virgnweb.com sont destin\u00e9es \u00e0 Virg&rsquo;n&rsquo;web et font l&rsquo;objet d&rsquo;un traitement informatique ayant pour finalit\u00e9 le traitement de votre demande ainsi que la gestion commerciale, incluant notamment :<\/p><ul><li>La r\u00e9ponse aux demandes d&rsquo;informations formul\u00e9es sur le site.<\/li><li>L&rsquo;envoi d&rsquo;informations commerciales, sous r\u00e9serve de votre accord ou en conformit\u00e9 avec la l\u00e9gislation en vigueur.<\/li><li>L&rsquo;\u00e9tablissement de statistiques g\u00e9n\u00e9rales sur la consultation du site afin d&rsquo;am\u00e9liorer les services que nous proposons.<\/li><\/ul><p>En accord avec la loi n\u00b078-17 du 6 janvier 1978 relative \u00e0 l&rsquo;informatique, aux fichiers et aux libert\u00e9s, vous disposez du droit d&rsquo;acc\u00e8s, de rectification et de suppression des informations vous concernant, que vous pouvez exercer en contactant Virg&rsquo;n&rsquo;web.<\/p><p>Par ailleurs, nous pouvons collecter des donn\u00e9es relatives \u00e0 votre utilisation du site, telles que les pages visit\u00e9es ou les services utilis\u00e9s, dans le but de mieux comprendre vos attentes et d&rsquo;am\u00e9liorer le fonctionnement du site.<\/p>\t\t\t\t\t\t\t\t<\/div>\n\t\t\t\t<\/div>\n\t\t\t\t\t<\/div>\n\t\t\t\t<\/div>\n\t\t<div class=\"elementor-element elementor-element-70551a1 e-flex e-con-boxed e-con e-parent\" data-id=\"70551a1\" data-element_type=\"container\" data-e-type=\"container\">\n\t\t\t\t\t<div class=\"e-con-inner\">\n\t\t\t\t<div class=\"elementor-element elementor-element-6135ca2 elementor-widget elementor-widget-text-editor\" data-id=\"6135ca2\" data-element_type=\"widget\" data-e-type=\"widget\" data-widget_type=\"text-editor.default\">\n\t\t\t\t<div class=\"elementor-widget-container\">\n\t\t\t\t\t\t\t\t\t<h4>DROITS DE PROPRI\u00c9T\u00c9 INTELLECTUELLE<\/h4><p>La pr\u00e9sentation et les \u00e9l\u00e9ments contenus sur le site www.virgnweb.com sont prot\u00e9g\u00e9s par les lois en vigueur sur la propri\u00e9t\u00e9 intellectuelle et sont la propri\u00e9t\u00e9 de l&rsquo;auteur ou font l&rsquo;objet d&rsquo;une autorisation d&rsquo;utilisation.<\/p><p>Aucun \u00e9l\u00e9ment composant le site www.virgnweb.com ne peut \u00eatre copi\u00e9, reproduit, modifi\u00e9, r\u00e9\u00e9dit\u00e9, charg\u00e9, d\u00e9natur\u00e9, transmis ou distribu\u00e9, sous quelque support que ce soit, de mani\u00e8re partielle ou int\u00e9grale, sans l&rsquo;autorisation \u00e9crite pr\u00e9alable de l&rsquo;auteur.<\/p><p>Les logos, images, marques, ou tout autre \u00e9l\u00e9ment relatifs \u00e0 d&rsquo;autres soci\u00e9t\u00e9s mentionn\u00e9es ou utilis\u00e9es sur le site www.virgnweb.com demeurent la propri\u00e9t\u00e9 respective de leurs auteurs.<\/p><p>Toute reproduction totale ou partielle du site, par quelque moyen que ce soit, sans l&rsquo;autorisation expresse de l&rsquo;auteur, est interdite et constituerait une contrefa\u00e7on sanctionn\u00e9e par les articles L.335-2 et suivants du Code de la propri\u00e9t\u00e9 intellectuelle. L&rsquo;auteur se r\u00e9serve le droit de poursuivre toute violation de ses droits de propri\u00e9t\u00e9 intellectuelle.<\/p><p>Il vous est permis de placer un lien vers www.virgnweb.com sur votre site, blog, ou r\u00e9seau social. De plus, vous pouvez citer des passages du site www.virgnweb.com conform\u00e9ment \u00e0 l&rsquo;article L.122-4 du Code de la Propri\u00e9t\u00e9 Intellectuelle, \u00e0 condition de respecter l&rsquo;article L.122-5 alin\u00e9a 3 : mentionner la source avec un lien vers www.virgnweb.com.<\/p>\t\t\t\t\t\t\t\t<\/div>\n\t\t\t\t<\/div>\n\t\t\t\t\t<\/div>\n\t\t\t\t<\/div>\n\t\t\t\t<section class=\"elementor-section elementor-top-section elementor-element elementor-element-5ae7018 elementor-section-boxed elementor-section-height-default elementor-section-height-default\" data-id=\"5ae7018\" data-element_type=\"section\" data-e-type=\"section\">\n\t\t\t\t\t\t<div class=\"elementor-container elementor-column-gap-default\">\n\t\t\t\t\t<div class=\"elementor-column elementor-col-100 elementor-top-column elementor-element elementor-element-cda2d6a\" data-id=\"cda2d6a\" data-element_type=\"column\" data-e-type=\"column\">\n\t\t\t<div class=\"elementor-widget-wrap elementor-element-populated\">\n\t\t\t\t\t\t<div class=\"elementor-element elementor-element-60f4c38 elementor-widget elementor-widget-text-editor\" data-id=\"60f4c38\" data-element_type=\"widget\" data-e-type=\"widget\" data-widget_type=\"text-editor.default\">\n\t\t\t\t<div class=\"elementor-widget-container\">\n\t\t\t\t\t\t\t\t\t<p>Mentions l\u00e9gales :Parlons ensembles des mentions l\u00e9gales, mentions l\u00e9gales, mentions l\u00e9gales, mentions l\u00e9gales<\/p>\t\t\t\t\t\t\t\t<\/div>\n\t\t\t\t<\/div>\n\t\t\t\t<section class=\"elementor-section elementor-inner-section elementor-element elementor-element-d18db49 elementor-section-boxed elementor-section-height-default elementor-section-height-default\" data-id=\"d18db49\" data-element_type=\"section\" data-e-type=\"section\">\n\t\t\t\t\t\t<div class=\"elementor-container elementor-column-gap-default\">\n\t\t\t\t\t<div class=\"elementor-column elementor-col-50 elementor-inner-column elementor-element elementor-element-88ef498\" data-id=\"88ef498\" data-element_type=\"column\" data-e-type=\"column\">\n\t\t\t<div class=\"elementor-widget-wrap elementor-element-populated\">\n\t\t\t\t\t\t<div class=\"elementor-element elementor-element-6bcea86 elementor-align-center elementor-widget elementor-widget-button\" data-id=\"6bcea86\" data-element_type=\"widget\" data-e-type=\"widget\" data-widget_type=\"button.default\">\n\t\t\t\t<div class=\"elementor-widget-container\">\n\t\t\t\t\t\t\t\t\t<div class=\"elementor-button-wrapper\">\n\t\t\t\t\t<a class=\"elementor-button elementor-button-link elementor-size-sm\" href=\"https:\/\/virgnweb.com\/index.php\/contact\/\">\n\t\t\t\t\t\t<span class=\"elementor-button-content-wrapper\">\n\t\t\t\t\t\t\t\t\t<span class=\"elementor-button-text\">Contacter par mail<\/span>\n\t\t\t\t\t<\/span>\n\t\t\t\t\t<\/a>\n\t\t\t\t<\/div>\n\t\t\t\t\t\t\t\t<\/div>\n\t\t\t\t<\/div>\n\t\t\t\t\t<\/div>\n\t\t<\/div>\n\t\t\t\t<div class=\"elementor-column elementor-col-50 elementor-inner-column elementor-element elementor-element-b0b92aa\" data-id=\"b0b92aa\" data-element_type=\"column\" data-e-type=\"column\">\n\t\t\t<div class=\"elementor-widget-wrap elementor-element-populated\">\n\t\t\t\t\t\t<div class=\"elementor-element elementor-element-fd4b9c4 elementor-align-center elementor-widget elementor-widget-button\" data-id=\"fd4b9c4\" data-element_type=\"widget\" data-e-type=\"widget\" data-widget_type=\"button.default\">\n\t\t\t\t<div class=\"elementor-widget-container\">\n\t\t\t\t\t\t\t\t\t<div class=\"elementor-button-wrapper\">\n\t\t\t\t\t<a class=\"elementor-button elementor-button-link elementor-size-sm\" href=\"https:\/\/tidycal.com\/virgnweb\/appeldecouverte\" target=\"_blank\" rel=\"noopener\">\n\t\t\t\t\t\t<span class=\"elementor-button-content-wrapper\">\n\t\t\t\t\t\t\t\t\t<span class=\"elementor-button-text\">R\u00e9server un appel d\u00e9couverte<\/span>\n\t\t\t\t\t<\/span>\n\t\t\t\t\t<\/a>\n\t\t\t\t<\/div>\n\t\t\t\t\t\t\t\t<\/div>\n\t\t\t\t<\/div>\n\t\t\t\t\t<\/div>\n\t\t<\/div>\n\t\t\t\t\t<\/div>\n\t\t<\/section>\n\t\t\t\t\t<\/div>\n\t\t<\/div>\n\t\t\t\t\t<\/div>\n\t\t<\/section>\n\t\t<div class=\"elementor-element elementor-element-7ab048d e-flex e-con-boxed e-con e-parent\" data-id=\"7ab048d\" data-element_type=\"container\" data-e-type=\"container\">\n\t\t\t\t\t<div class=\"e-con-inner\">\n\t\t\t\t<div class=\"elementor-element elementor-element-008ae89 elementor-widget elementor-widget-image\" data-id=\"008ae89\" data-element_type=\"widget\" data-e-type=\"widget\" data-widget_type=\"image.default\">\n\t\t\t\t<div class=\"elementor-widget-container\">\n\t\t\t\t\t\t\t\t\t\t\t\t\t\t\t<img decoding=\"async\" width=\"150\" height=\"150\" src=\"https:\/\/virgnweb.com\/wp-content\/uploads\/2025\/03\/gestionweb-150x150.jpg\" class=\"attachment-thumbnail size-thumbnail wp-image-921\" alt=\"mentions l\u00e9gales\" srcset=\"https:\/\/virgnweb.com\/wp-content\/uploads\/2025\/03\/gestionweb-150x150.jpg 150w, https:\/\/virgnweb.com\/wp-content\/uploads\/2025\/03\/gestionweb-600x600.jpg 600w\" sizes=\"(max-width: 150px) 100vw, 150px\" \/>\t\t\t\t\t\t\t\t\t\t\t\t\t\t\t<\/div>\n\t\t\t\t<\/div>\n\t\t\t\t\t<\/div>\n\t\t\t\t<\/div>\n\t\t\t\t<\/div>\n\t\t","protected":false},"excerpt":{"rendered":"<p>Mentions l\u00e9gales INFORMATIONS Le site www.virgnweb.com a pour objet de fournir une information concernant l\u2019activit\u00e9 et les prestations de service de Virginie Gard\u00e8res.Les informations indiqu\u00e9es sur le site sont donn\u00e9es \u00e0 titre indicatif, et sont susceptibles d\u2019\u00e9voluer. Par ailleurs, les renseignements figurant sur le site sont donn\u00e9s sous r\u00e9serve de modifications ayant \u00e9t\u00e9 apport\u00e9es depuis [&hellip;]<\/p>\n","protected":false},"author":1,"featured_media":0,"parent":0,"menu_order":0,"comment_status":"closed","ping_status":"closed","template":"","meta":{"_monsterinsights_skip_tracking":false,"_monsterinsights_sitenote_active":false,"_monsterinsights_sitenote_note":"","_monsterinsights_sitenote_category":0,"ocean_post_layout":"","ocean_both_sidebars_style":"","ocean_both_sidebars_content_width":0,"ocean_both_sidebars_sidebars_width":0,"ocean_sidebar":"","ocean_second_sidebar":"","ocean_disable_margins":"enable","ocean_add_body_class":"","ocean_shortcode_before_top_bar":"","ocean_shortcode_after_top_bar":"","ocean_shortcode_before_header":"","ocean_shortcode_after_header":"","ocean_has_shortcode":"","ocean_shortcode_after_title":"","ocean_shortcode_before_footer_widgets":"","ocean_shortcode_after_footer_widgets":"","ocean_shortcode_before_footer_bottom":"","ocean_shortcode_after_footer_bottom":"","ocean_display_top_bar":"default","ocean_display_header":"default","ocean_header_style":"","ocean_center_header_left_menu":"","ocean_custom_header_template":"","ocean_custom_logo":0,"ocean_custom_retina_logo":0,"ocean_custom_logo_max_width":0,"ocean_custom_logo_tablet_max_width":0,"ocean_custom_logo_mobile_max_width":0,"ocean_custom_logo_max_height":0,"ocean_custom_logo_tablet_max_height":0,"ocean_custom_logo_mobile_max_height":0,"ocean_header_custom_menu":"","ocean_menu_typo_font_family":"","ocean_menu_typo_font_subset":"","ocean_menu_typo_font_size":0,"ocean_menu_typo_font_size_tablet":0,"ocean_menu_typo_font_size_mobile":0,"ocean_menu_typo_font_size_unit":"px","ocean_menu_typo_font_weight":"","ocean_menu_typo_font_weight_tablet":"","ocean_menu_typo_font_weight_mobile":"","ocean_menu_typo_transform":"","ocean_menu_typo_transform_tablet":"","ocean_menu_typo_transform_mobile":"","ocean_menu_typo_line_height":0,"ocean_menu_typo_line_height_tablet":0,"ocean_menu_typo_line_height_mobile":0,"ocean_menu_typo_line_height_unit":"","ocean_menu_typo_spacing":0,"ocean_menu_typo_spacing_tablet":0,"ocean_menu_typo_spacing_mobile":0,"ocean_menu_typo_spacing_unit":"","ocean_menu_link_color":"","ocean_menu_link_color_hover":"","ocean_menu_link_color_active":"","ocean_menu_link_background":"","ocean_menu_link_hover_background":"","ocean_menu_link_active_background":"","ocean_menu_social_links_bg":"","ocean_menu_social_hover_links_bg":"","ocean_menu_social_links_color":"","ocean_menu_social_hover_links_color":"","ocean_disable_title":"default","ocean_disable_heading":"default","ocean_post_title":"","ocean_post_subheading":"","ocean_post_title_style":"","ocean_post_title_background_color":"","ocean_post_title_background":0,"ocean_post_title_bg_image_position":"","ocean_post_title_bg_image_attachment":"","ocean_post_title_bg_image_repeat":"","ocean_post_title_bg_image_size":"","ocean_post_title_height":0,"ocean_post_title_bg_overlay":0.5,"ocean_post_title_bg_overlay_color":"","ocean_disable_breadcrumbs":"default","ocean_breadcrumbs_color":"","ocean_breadcrumbs_separator_color":"","ocean_breadcrumbs_links_color":"","ocean_breadcrumbs_links_hover_color":"","ocean_display_footer_widgets":"default","ocean_display_footer_bottom":"default","ocean_custom_footer_template":"","footnotes":""},"class_list":["post-686","page","type-page","status-publish","hentry","entry"],"_links":{"self":[{"href":"https:\/\/virgnweb.com\/index.php\/wp-json\/wp\/v2\/pages\/686","targetHints":{"allow":["GET"]}}],"collection":[{"href":"https:\/\/virgnweb.com\/index.php\/wp-json\/wp\/v2\/pages"}],"about":[{"href":"https:\/\/virgnweb.com\/index.php\/wp-json\/wp\/v2\/types\/page"}],"author":[{"embeddable":true,"href":"https:\/\/virgnweb.com\/index.php\/wp-json\/wp\/v2\/users\/1"}],"replies":[{"embeddable":true,"href":"https:\/\/virgnweb.com\/index.php\/wp-json\/wp\/v2\/comments?post=686"}],"version-history":[{"count":14,"href":"https:\/\/virgnweb.com\/index.php\/wp-json\/wp\/v2\/pages\/686\/revisions"}],"predecessor-version":[{"id":1174,"href":"https:\/\/virgnweb.com\/index.php\/wp-json\/wp\/v2\/pages\/686\/revisions\/1174"}],"wp:attachment":[{"href":"https:\/\/virgnweb.com\/index.php\/wp-json\/wp\/v2\/media?parent=686"}],"curies":[{"name":"wp","href":"https:\/\/api.w.org\/{rel}","templated":true}]}}