{"id":1244,"date":"2025-04-01T15:05:46","date_gmt":"2025-04-01T13:05:46","guid":{"rendered":"https:\/\/virgnweb.com\/?page_id=1244"},"modified":"2025-04-22T16:48:03","modified_gmt":"2025-04-22T14:48:03","slug":"gestion-mensuelle-automatisation-virgnweb","status":"publish","type":"page","link":"https:\/\/virgnweb.com\/index.php\/gestion-mensuelle-automatisation-virgnweb\/","title":{"rendered":"Gestion mensuelle automatisation et digitalisation"},"content":{"rendered":"\t\t<div data-elementor-type=\"wp-page\" data-elementor-id=\"1244\" class=\"elementor elementor-1244\">\n\t\t\t\t\t\t<section class=\"elementor-section elementor-top-section elementor-element elementor-element-000047a elementor-section-height-min-height elementor-section-boxed elementor-section-height-default elementor-section-items-middle\" data-id=\"000047a\" data-element_type=\"section\" data-e-type=\"section\" data-settings=\"{&quot;background_background&quot;:&quot;classic&quot;}\">\n\t\t\t\t\t\t\t<div class=\"elementor-background-overlay\"><\/div>\n\t\t\t\t\t\t\t<div class=\"elementor-container elementor-column-gap-default\">\n\t\t\t\t\t<div class=\"elementor-column elementor-col-100 elementor-top-column elementor-element elementor-element-6434101\" data-id=\"6434101\" data-element_type=\"column\" data-e-type=\"column\">\n\t\t\t<div class=\"elementor-widget-wrap elementor-element-populated\">\n\t\t\t\t\t\t<div class=\"elementor-element elementor-element-e65de30 elementor-widget elementor-widget-heading\" data-id=\"e65de30\" data-element_type=\"widget\" data-e-type=\"widget\" data-widget_type=\"heading.default\">\n\t\t\t\t<div class=\"elementor-widget-container\">\n\t\t\t\t\t<h1 class=\"elementor-heading-title elementor-size-default\">Gestion mensuelle<br><br>Automatisation et digitalisation<\/h1>\t\t\t\t<\/div>\n\t\t\t\t<\/div>\n\t\t\t\t\t<\/div>\n\t\t<\/div>\n\t\t\t\t\t<\/div>\n\t\t<\/section>\n\t\t<div class=\"elementor-element elementor-element-b49d0bc e-flex e-con-boxed e-con e-parent\" data-id=\"b49d0bc\" data-element_type=\"container\" data-e-type=\"container\">\n\t\t\t\t\t<div class=\"e-con-inner\">\n\t\t\t\t<div class=\"elementor-element elementor-element-947b6f2 elementor-widget elementor-widget-text-editor\" data-id=\"947b6f2\" data-element_type=\"widget\" data-e-type=\"widget\" data-widget_type=\"text-editor.default\">\n\t\t\t\t<div class=\"elementor-widget-container\">\n\t\t\t\t\t\t\t\t\t<h1 class=\"\" data-start=\"880\" data-end=\"936\">Ne laissez pas vos automatisations tourner sans pilote<\/h1>\n<p class=\"\" data-start=\"938\" data-end=\"1081\">Un syst\u00e8me digital bien con\u00e7u vous fait gagner du temps.<br data-start=\"994\" data-end=\"997\">Un syst\u00e8me <strong data-start=\"1008\" data-end=\"1051\">suivi, maintenu et optimis\u00e9 chaque mois<\/strong> en fait gagner beaucoup plus.<\/p>\n<p class=\"\" data-start=\"1083\" data-end=\"1251\">Ce n\u2019est pas parce que&nbsp;<a href=\"https:\/\/virgnweb.com\/index.php\/installation-automatisation-digitalisation\/\" target=\"_blank\">vos automatisations<\/a>&nbsp;ont \u00e9t\u00e9 mises en place et fonctionnent aujourd\u2019hui qu\u2019elles continueront demain.<br data-start=\"1180\" data-end=\"1183\">Outils qui \u00e9voluent, \u00e9quipes qui changent, besoins qui se pr\u00e9cisent\u2026<\/p>\n<p class=\"\" data-start=\"1253\" data-end=\"1377\"><strong data-start=\"1253\" data-end=\"1277\">La gestion mensuelle<\/strong>, c\u2019est l\u2019assurance de garder <strong data-start=\"1307\" data-end=\"1376\">un syst\u00e8me digital vivant, fiable et align\u00e9 avec votre entreprise<\/strong>.<\/p>\t\t\t\t\t\t\t\t<\/div>\n\t\t\t\t<\/div>\n\t\t\t\t<div class=\"elementor-element elementor-element-898ace1 elementor-widget-divider--view-line elementor-widget elementor-widget-divider\" data-id=\"898ace1\" data-element_type=\"widget\" data-e-type=\"widget\" data-widget_type=\"divider.default\">\n\t\t\t\t<div class=\"elementor-widget-container\">\n\t\t\t\t\t\t\t<div class=\"elementor-divider\">\n\t\t\t<span class=\"elementor-divider-separator\">\n\t\t\t\t\t\t<\/span>\n\t\t<\/div>\n\t\t\t\t\t\t<\/div>\n\t\t\t\t<\/div>\n\t\t\t\t\t<\/div>\n\t\t\t\t<\/div>\n\t\t<div class=\"elementor-element elementor-element-a890a53 e-flex e-con-boxed e-con e-parent\" data-id=\"a890a53\" data-element_type=\"container\" data-e-type=\"container\">\n\t\t\t\t\t<div class=\"e-con-inner\">\n\t\t<div class=\"elementor-element elementor-element-ad91db7 e-con-full e-flex e-con e-child\" data-id=\"ad91db7\" data-element_type=\"container\" data-e-type=\"container\">\n\t\t\t\t<div class=\"elementor-element elementor-element-3979619 elementor-widget elementor-widget-text-editor\" data-id=\"3979619\" data-element_type=\"widget\" data-e-type=\"widget\" data-widget_type=\"text-editor.default\">\n\t\t\t\t<div class=\"elementor-widget-container\">\n\t\t\t\t\t\t\t\t\t<h2 class=\"\" data-start=\"1384\" data-end=\"1423\">Ce que je g\u00e8re pour vous chaque mois<\/h2><p class=\"\" data-start=\"1425\" data-end=\"1473\">Votre syst\u00e8me fonctionne, mais qui s\u2019en occupe ?<\/p><p class=\"\" data-start=\"1475\" data-end=\"1504\">Chaque mois, je m\u2019occupe de :<\/p><p class=\"\" data-start=\"1506\" data-end=\"1978\">\u2013 V\u00e9rifier les automatisations critiques<br data-start=\"1546\" data-end=\"1549\" \/>\u2013 Corriger les erreurs techniques ou ruptures d\u2019int\u00e9gration<br data-start=\"1608\" data-end=\"1611\" \/>\u2013 Mettre \u00e0 jour les connexions en fonction des \u00e9volutions outils<br data-start=\"1675\" data-end=\"1678\" \/>\u2013 Ajouter de nouvelles automatisations si besoin<br data-start=\"1726\" data-end=\"1729\" \/>\u2013 Optimiser les flux existants en fonction de vos retours<br data-start=\"1786\" data-end=\"1789\" \/>\u2013 Documenter toute \u00e9volution pour garder une trace claire<br data-start=\"1846\" data-end=\"1849\" \/>\u2013 Vous accompagner dans l\u2019\u00e9volution de vos besoins digitaux<br data-start=\"1908\" data-end=\"1911\" \/>\u2013 Vous alerter si des outils deviennent obsol\u00e8tes ou sous-exploit\u00e9s<\/p><p class=\"\" data-start=\"1980\" data-end=\"2097\">Un syst\u00e8me digital ne devrait jamais \u00eatre fig\u00e9.<br data-start=\"2027\" data-end=\"2030\" \/>Il doit \u00e9voluer avec votre activit\u00e9, vos priorit\u00e9s et votre \u00e9quipe.<\/p>\t\t\t\t\t\t\t\t<\/div>\n\t\t\t\t<\/div>\n\t\t\t\t<\/div>\n\t\t<div class=\"elementor-element elementor-element-2974a25 e-con-full e-flex e-con e-child\" data-id=\"2974a25\" data-element_type=\"container\" data-e-type=\"container\">\n\t\t\t\t<div class=\"elementor-element elementor-element-130dfa8 elementor-widget elementor-widget-text-editor\" data-id=\"130dfa8\" data-element_type=\"widget\" data-e-type=\"widget\" data-widget_type=\"text-editor.default\">\n\t\t\t\t<div class=\"elementor-widget-container\">\n\t\t\t\t\t\t\t\t\t<h2 class=\"\" data-start=\"2104\" data-end=\"2148\">Cette prestation est faite pour vous si :<\/h2><p class=\"\" data-start=\"2150\" data-end=\"2466\">\u2013 Vous avez d\u00e9j\u00e0 un syst\u00e8me automatis\u00e9 en place<br data-start=\"2197\" data-end=\"2200\" \/>\u2013 Vous n\u2019avez ni le temps ni les comp\u00e9tences pour assurer son suivi<br data-start=\"2267\" data-end=\"2270\" \/>\u2013 Vous ne voulez pas risquer des erreurs invisibles qui co\u00fbtent cher<br data-start=\"2338\" data-end=\"2341\" \/>\u2013 Vous souhaitez continuer \u00e0 optimiser vos processus mois apr\u00e8s mois<br data-start=\"2409\" data-end=\"2412\" \/>\u2013 Vous cherchez un partenaire fiable sur le long terme<\/p>\t\t\t\t\t\t\t\t<\/div>\n\t\t\t\t<\/div>\n\t\t\t\t<\/div>\n\t\t\t\t\t<\/div>\n\t\t\t\t<\/div>\n\t\t<div class=\"elementor-element elementor-element-db79254 e-flex e-con-boxed e-con e-parent\" data-id=\"db79254\" data-element_type=\"container\" data-e-type=\"container\">\n\t\t\t\t\t<div class=\"e-con-inner\">\n\t\t\t\t<div class=\"elementor-element elementor-element-5c7765a elementor-widget-divider--view-line elementor-widget elementor-widget-divider\" data-id=\"5c7765a\" data-element_type=\"widget\" data-e-type=\"widget\" data-widget_type=\"divider.default\">\n\t\t\t\t<div class=\"elementor-widget-container\">\n\t\t\t\t\t\t\t<div class=\"elementor-divider\">\n\t\t\t<span class=\"elementor-divider-separator\">\n\t\t\t\t\t\t<\/span>\n\t\t<\/div>\n\t\t\t\t\t\t<\/div>\n\t\t\t\t<\/div>\n\t\t\t\t<div class=\"elementor-element elementor-element-0a7aec8 elementor-widget elementor-widget-heading\" data-id=\"0a7aec8\" data-element_type=\"widget\" data-e-type=\"widget\" data-widget_type=\"heading.default\">\n\t\t\t\t<div class=\"elementor-widget-container\">\n\t\t\t\t\t<h2 class=\"elementor-heading-title elementor-size-default\">Tarifs gestion mensuelle des automatisations<\/h2>\t\t\t\t<\/div>\n\t\t\t\t<\/div>\n\t\t\t\t<div class=\"elementor-element elementor-element-3ea6422 elementor-widget elementor-widget-image\" data-id=\"3ea6422\" data-element_type=\"widget\" data-e-type=\"widget\" data-widget_type=\"image.default\">\n\t\t\t\t<div class=\"elementor-widget-container\">\n\t\t\t\t\t\t\t\t\t\t\t\t\t\t\t<img fetchpriority=\"high\" decoding=\"async\" width=\"768\" height=\"380\" src=\"https:\/\/virgnweb.com\/wp-content\/uploads\/2025\/04\/gestion-mensuelle-AD-768x380.jpeg\" class=\"attachment-medium_large size-medium_large wp-image-1247\" alt=\"tarifs gestion mensuelle\" srcset=\"https:\/\/virgnweb.com\/wp-content\/uploads\/2025\/04\/gestion-mensuelle-AD-768x380.jpeg 768w, https:\/\/virgnweb.com\/wp-content\/uploads\/2025\/04\/gestion-mensuelle-AD-300x148.jpeg 300w, https:\/\/virgnweb.com\/wp-content\/uploads\/2025\/04\/gestion-mensuelle-AD-1024x506.jpeg 1024w, https:\/\/virgnweb.com\/wp-content\/uploads\/2025\/04\/gestion-mensuelle-AD.jpeg 1185w\" sizes=\"(max-width: 768px) 100vw, 768px\" \/>\t\t\t\t\t\t\t\t\t\t\t\t\t\t\t<\/div>\n\t\t\t\t<\/div>\n\t\t\t\t<div class=\"elementor-element elementor-element-2f71f7c elementor-widget elementor-widget-text-editor\" data-id=\"2f71f7c\" data-element_type=\"widget\" data-e-type=\"widget\" data-widget_type=\"text-editor.default\">\n\t\t\t\t<div class=\"elementor-widget-container\">\n\t\t\t\t\t\t\t\t\t<p><strong data-start=\"100\" data-end=\"173\">Vous \u00eates plus de 20 collaborateurs ou avez des besoins sp\u00e9cifiques ?<\/strong><br data-start=\"173\" data-end=\"176\" \/>Je vous propose un accompagnement sur mesure, adapt\u00e9 \u00e0 la taille de votre structure et \u00e0 votre charge de travail.<br data-start=\"289\" data-end=\"292\" \/><strong data-start=\"292\" data-end=\"328\">Tarif sur demande apr\u00e8s \u00e9change.<\/strong><\/p>\t\t\t\t\t\t\t\t<\/div>\n\t\t\t\t<\/div>\n\t\t\t\t\t<\/div>\n\t\t\t\t<\/div>\n\t\t<div class=\"elementor-element elementor-element-7628038 e-flex e-con-boxed e-con e-parent\" data-id=\"7628038\" data-element_type=\"container\" data-e-type=\"container\">\n\t\t\t\t\t<div class=\"e-con-inner\">\n\t\t<div class=\"elementor-element elementor-element-41b790b e-con-full e-flex e-con e-child\" data-id=\"41b790b\" data-element_type=\"container\" data-e-type=\"container\" data-settings=\"{&quot;background_background&quot;:&quot;classic&quot;}\">\n\t\t\t\t<div class=\"elementor-element elementor-element-c8b295f elementor-widget elementor-widget-text-editor\" data-id=\"c8b295f\" data-element_type=\"widget\" data-e-type=\"widget\" data-widget_type=\"text-editor.default\">\n\t\t\t\t<div class=\"elementor-widget-container\">\n\t\t\t\t\t\t\t\t\t<blockquote data-start=\"1734\" data-end=\"1872\"><p class=\"\" data-start=\"1736\" data-end=\"1872\"><strong data-start=\"1736\" data-end=\"1791\">R\u00e9servez un appel gratuit de validation (30 min)<\/strong><br data-start=\"1791\" data-end=\"1794\" \/>Pour faire le point sur vos besoins et voir si cet audit est fait pour vous.<\/p><\/blockquote>\t\t\t\t\t\t\t\t<\/div>\n\t\t\t\t<\/div>\n\t\t\t\t<\/div>\n\t\t<div class=\"elementor-element elementor-element-b173287 e-con-full e-flex e-con e-child\" data-id=\"b173287\" data-element_type=\"container\" data-e-type=\"container\" data-settings=\"{&quot;background_background&quot;:&quot;classic&quot;}\">\n\t\t\t\t<div class=\"elementor-element elementor-element-b80efdc elementor-align-center elementor-widget elementor-widget-button\" data-id=\"b80efdc\" data-element_type=\"widget\" data-e-type=\"widget\" data-widget_type=\"button.default\">\n\t\t\t\t<div class=\"elementor-widget-container\">\n\t\t\t\t\t\t\t\t\t<div class=\"elementor-button-wrapper\">\n\t\t\t\t\t<a class=\"elementor-button elementor-button-link elementor-size-sm\" href=\"https:\/\/tidycal.com\/virgnweb\/echange-de-validation-installation-ad\" target=\"_blank\" rel=\"noopener\">\n\t\t\t\t\t\t<span class=\"elementor-button-content-wrapper\">\n\t\t\t\t\t\t\t\t\t<span class=\"elementor-button-text\">RESERVER<\/span>\n\t\t\t\t\t<\/span>\n\t\t\t\t\t<\/a>\n\t\t\t\t<\/div>\n\t\t\t\t\t\t\t\t<\/div>\n\t\t\t\t<\/div>\n\t\t\t\t<\/div>\n\t\t\t\t\t<\/div>\n\t\t\t\t<\/div>\n\t\t\t\t<\/div>\n\t\t","protected":false},"excerpt":{"rendered":"<p>Gestion mensuelle Automatisation et digitalisation Ne laissez pas vos automatisations tourner sans pilote Un syst\u00e8me digital bien con\u00e7u vous fait gagner du temps.Un syst\u00e8me suivi, maintenu et optimis\u00e9 chaque mois en fait gagner beaucoup plus. Ce n\u2019est pas parce que&nbsp;vos automatisations&nbsp;ont \u00e9t\u00e9 mises en place et fonctionnent aujourd\u2019hui qu\u2019elles continueront demain.Outils qui \u00e9voluent, \u00e9quipes qui [&hellip;]<\/p>\n","protected":false},"author":1,"featured_media":0,"parent":0,"menu_order":0,"comment_status":"closed","ping_status":"closed","template":"","meta":{"_monsterinsights_skip_tracking":false,"_monsterinsights_sitenote_active":false,"_monsterinsights_sitenote_note":"","_monsterinsights_sitenote_category":0,"ocean_post_layout":"","ocean_both_sidebars_style":"","ocean_both_sidebars_content_width":0,"ocean_both_sidebars_sidebars_width":0,"ocean_sidebar":"","ocean_second_sidebar":"","ocean_disable_margins":"enable","ocean_add_body_class":"","ocean_shortcode_before_top_bar":"","ocean_shortcode_after_top_bar":"","ocean_shortcode_before_header":"","ocean_shortcode_after_header":"","ocean_has_shortcode":"","ocean_shortcode_after_title":"","ocean_shortcode_before_footer_widgets":"","ocean_shortcode_after_footer_widgets":"","ocean_shortcode_before_footer_bottom":"","ocean_shortcode_after_footer_bottom":"","ocean_display_top_bar":"default","ocean_display_header":"default","ocean_header_style":"","ocean_center_header_left_menu":"","ocean_custom_header_template":"","ocean_custom_logo":0,"ocean_custom_retina_logo":0,"ocean_custom_logo_max_width":0,"ocean_custom_logo_tablet_max_width":0,"ocean_custom_logo_mobile_max_width":0,"ocean_custom_logo_max_height":0,"ocean_custom_logo_tablet_max_height":0,"ocean_custom_logo_mobile_max_height":0,"ocean_header_custom_menu":"","ocean_menu_typo_font_family":"","ocean_menu_typo_font_subset":"","ocean_menu_typo_font_size":0,"ocean_menu_typo_font_size_tablet":0,"ocean_menu_typo_font_size_mobile":0,"ocean_menu_typo_font_size_unit":"px","ocean_menu_typo_font_weight":"","ocean_menu_typo_font_weight_tablet":"","ocean_menu_typo_font_weight_mobile":"","ocean_menu_typo_transform":"","ocean_menu_typo_transform_tablet":"","ocean_menu_typo_transform_mobile":"","ocean_menu_typo_line_height":0,"ocean_menu_typo_line_height_tablet":0,"ocean_menu_typo_line_height_mobile":0,"ocean_menu_typo_line_height_unit":"","ocean_menu_typo_spacing":0,"ocean_menu_typo_spacing_tablet":0,"ocean_menu_typo_spacing_mobile":0,"ocean_menu_typo_spacing_unit":"","ocean_menu_link_color":"","ocean_menu_link_color_hover":"","ocean_menu_link_color_active":"","ocean_menu_link_background":"","ocean_menu_link_hover_background":"","ocean_menu_link_active_background":"","ocean_menu_social_links_bg":"","ocean_menu_social_hover_links_bg":"","ocean_menu_social_links_color":"","ocean_menu_social_hover_links_color":"","ocean_disable_title":"default","ocean_disable_heading":"default","ocean_post_title":"","ocean_post_subheading":"","ocean_post_title_style":"","ocean_post_title_background_color":"","ocean_post_title_background":0,"ocean_post_title_bg_image_position":"","ocean_post_title_bg_image_attachment":"","ocean_post_title_bg_image_repeat":"","ocean_post_title_bg_image_size":"","ocean_post_title_height":0,"ocean_post_title_bg_overlay":0.5,"ocean_post_title_bg_overlay_color":"","ocean_disable_breadcrumbs":"default","ocean_breadcrumbs_color":"","ocean_breadcrumbs_separator_color":"","ocean_breadcrumbs_links_color":"","ocean_breadcrumbs_links_hover_color":"","ocean_display_footer_widgets":"default","ocean_display_footer_bottom":"default","ocean_custom_footer_template":"","footnotes":""},"class_list":["post-1244","page","type-page","status-publish","hentry","entry"],"_links":{"self":[{"href":"https:\/\/virgnweb.com\/index.php\/wp-json\/wp\/v2\/pages\/1244","targetHints":{"allow":["GET"]}}],"collection":[{"href":"https:\/\/virgnweb.com\/index.php\/wp-json\/wp\/v2\/pages"}],"about":[{"href":"https:\/\/virgnweb.com\/index.php\/wp-json\/wp\/v2\/types\/page"}],"author":[{"embeddable":true,"href":"https:\/\/virgnweb.com\/index.php\/wp-json\/wp\/v2\/users\/1"}],"replies":[{"embeddable":true,"href":"https:\/\/virgnweb.com\/index.php\/wp-json\/wp\/v2\/comments?post=1244"}],"version-history":[{"count":9,"href":"https:\/\/virgnweb.com\/index.php\/wp-json\/wp\/v2\/pages\/1244\/revisions"}],"predecessor-version":[{"id":1353,"href":"https:\/\/virgnweb.com\/index.php\/wp-json\/wp\/v2\/pages\/1244\/revisions\/1353"}],"wp:attachment":[{"href":"https:\/\/virgnweb.com\/index.php\/wp-json\/wp\/v2\/media?parent=1244"}],"curies":[{"name":"wp","href":"https:\/\/api.w.org\/{rel}","templated":true}]}}